{"id":147,"date":"2015-01-18T15:37:24","date_gmt":"2015-01-18T13:37:24","guid":{"rendered":"http:\/\/xn--drk-twi-e1a.de\/?page_id=147"},"modified":"2015-01-18T15:37:32","modified_gmt":"2015-01-18T13:37:32","slug":"helfen-sie-mit","status":"publish","type":"page","link":"https:\/\/xn--drk-twi-e1a.de\/?page_id=147","title":{"rendered":"Helfen Sie mit"},"content":{"rendered":"<p>Werden auch Sie passives Mitglied im DRK Ortsverein T\u00f6nning\/Witzwort e.V. und unterst\u00fctzen Sie uns, dass wir\u00a0weiterhin f\u00fcr Sie aktiv sein k\u00f6nnen. Jeder Beitrag hilft uns, unserer Arbeit weiterzuf\u00fchren. \u00a0\u00a0<\/p>\n<p>Das Antragsformular finden sie hier :<\/p>\n<p><a href=\"http:\/\/xn--drk-twi-e1a.de\/wp-content\/uploads\/2015\/01\/Ja-ich-werde-helfen-Ich-werde-Mitglied.pdf\">Ja ich werde helfen-Ich werde Mitglied<\/a><\/p>\n<p>&nbsp;<\/p>\n","protected":false},"excerpt":{"rendered":"<p>Werden auch Sie passives Mitglied im DRK Ortsverein T\u00f6nning\/Witzwort e.V. und unterst\u00fctzen Sie uns, dass wir\u00a0weiterhin f\u00fcr Sie aktiv sein k\u00f6nnen. Jeder Beitrag hilft uns, unserer Arbeit weiterzuf\u00fchren. \u00a0\u00a0 Das Antragsformular finden sie hier : Ja ich werde helfen-Ich werde Mitglied &nbsp;<\/p>\n","protected":false},"author":1,"featured_media":0,"parent":7,"menu_order":1,"comment_status":"open","ping_status":"open","template":"","meta":{"ngg_post_thumbnail":0,"jetpack_post_was_ever_published":false,"footnotes":""},"class_list":["post-147","page","type-page","status-publish","hentry"],"jetpack_sharing_enabled":true,"jetpack_shortlink":"https:\/\/wp.me\/P7Ojiy-2n","_links":{"self":[{"href":"https:\/\/xn--drk-twi-e1a.de\/index.php?rest_route=\/wp\/v2\/pages\/147","targetHints":{"allow":["GET"]}}],"collection":[{"href":"https:\/\/xn--drk-twi-e1a.de\/index.php?rest_route=\/wp\/v2\/pages"}],"about":[{"href":"https:\/\/xn--drk-twi-e1a.de\/index.php?rest_route=\/wp\/v2\/types\/page"}],"author":[{"embeddable":true,"href":"https:\/\/xn--drk-twi-e1a.de\/index.php?rest_route=\/wp\/v2\/users\/1"}],"replies":[{"embeddable":true,"href":"https:\/\/xn--drk-twi-e1a.de\/index.php?rest_route=%2Fwp%2Fv2%2Fcomments&post=147"}],"version-history":[{"count":2,"href":"https:\/\/xn--drk-twi-e1a.de\/index.php?rest_route=\/wp\/v2\/pages\/147\/revisions"}],"predecessor-version":[{"id":150,"href":"https:\/\/xn--drk-twi-e1a.de\/index.php?rest_route=\/wp\/v2\/pages\/147\/revisions\/150"}],"up":[{"embeddable":true,"href":"https:\/\/xn--drk-twi-e1a.de\/index.php?rest_route=\/wp\/v2\/pages\/7"}],"wp:attachment":[{"href":"https:\/\/xn--drk-twi-e1a.de\/index.php?rest_route=%2Fwp%2Fv2%2Fmedia&parent=147"}],"curies":[{"name":"wp","href":"https:\/\/api.w.org\/{rel}","templated":true}]}}