{"id":18,"date":"2013-06-14T13:05:23","date_gmt":"2013-06-14T11:05:23","guid":{"rendered":"http:\/\/xn--drk-twi-e1a.de\/?page_id=18"},"modified":"2025-06-05T18:38:47","modified_gmt":"2025-06-05T16:38:47","slug":"impressum","status":"publish","type":"page","link":"https:\/\/xn--drk-twi-e1a.de\/?page_id=18","title":{"rendered":"Impressum"},"content":{"rendered":"<p>Inhaber :<\/p>\n<p>Deutsches Rotes Kreuz Ortverband T\u00f6nning\/Witzwort e.V.<br \/>\nSelckstra\u00dfe 11<br \/>\n25832 T\u00f6nning<\/p>\n<p><a href=\"mailto:info@drk-toewi.de\">info@drk-toewi.de<\/a><\/p>\n<p>Unsere Standorte :&nbsp;<\/p>\n<p>2. Betreuungsgruppe Nordfriesland<br \/>\nOsterende 1o<br \/>\n25836 Garding<\/p>\n<p>2. Sanit\u00e4tsgruppe Nordfriesland Transport<br \/>\nSelckstra\u00dfe 11<br \/>\n25832 T\u00f6nning<\/p>\n<p>Webmaster :<\/p>\n<p>Tom Heider<br \/>\n25832 T\u00f6nning<\/p>\n<p><a href=\"mailto:tom.heider@drk-toewi.de\">tom.heider@drk-toewi.de<\/a><\/p>\n","protected":false},"excerpt":{"rendered":"<p>Inhaber : Deutsches Rotes Kreuz Ortverband T\u00f6nning\/Witzwort e.V. Selckstra\u00dfe 11 25832 T\u00f6nning info@drk-toewi.de Unsere Standorte :&nbsp; 2. Betreuungsgruppe Nordfriesland Osterende 1o 25836 Garding 2. Sanit\u00e4tsgruppe Nordfriesland Transport Selckstra\u00dfe 11 25832 T\u00f6nning Webmaster : Tom Heider 25832 T\u00f6nning tom.heider@drk-toewi.de<\/p>\n","protected":false},"author":1,"featured_media":0,"parent":0,"menu_order":7,"comment_status":"closed","ping_status":"closed","template":"","meta":{"ngg_post_thumbnail":0,"jetpack_post_was_ever_published":false,"footnotes":""},"class_list":["post-18","page","type-page","status-publish","hentry"],"jetpack_sharing_enabled":true,"jetpack_shortlink":"https:\/\/wp.me\/P7Ojiy-i","_links":{"self":[{"href":"https:\/\/xn--drk-twi-e1a.de\/index.php?rest_route=\/wp\/v2\/pages\/18","targetHints":{"allow":["GET"]}}],"collection":[{"href":"https:\/\/xn--drk-twi-e1a.de\/index.php?rest_route=\/wp\/v2\/pages"}],"about":[{"href":"https:\/\/xn--drk-twi-e1a.de\/index.php?rest_route=\/wp\/v2\/types\/page"}],"author":[{"embeddable":true,"href":"https:\/\/xn--drk-twi-e1a.de\/index.php?rest_route=\/wp\/v2\/users\/1"}],"replies":[{"embeddable":true,"href":"https:\/\/xn--drk-twi-e1a.de\/index.php?rest_route=%2Fwp%2Fv2%2Fcomments&post=18"}],"version-history":[{"count":14,"href":"https:\/\/xn--drk-twi-e1a.de\/index.php?rest_route=\/wp\/v2\/pages\/18\/revisions"}],"predecessor-version":[{"id":761,"href":"https:\/\/xn--drk-twi-e1a.de\/index.php?rest_route=\/wp\/v2\/pages\/18\/revisions\/761"}],"wp:attachment":[{"href":"https:\/\/xn--drk-twi-e1a.de\/index.php?rest_route=%2Fwp%2Fv2%2Fmedia&parent=18"}],"curies":[{"name":"wp","href":"https:\/\/api.w.org\/{rel}","templated":true}]}}